digit of 151032718?
0
What is the hundred thousands digit of 64694189?
6
What is the hundred thousands digit of 24349349?
3
What is the tens digit of 1027371837?
3
What is the hundred thousands digit of 48224581?
2
What is the millions digit of 202326387?
2
What is the hundreds digit of 43536164?
1
What is the ten millions digit of 302886925?
0
What is the tens digit of 17992994?
9
What is the hundreds digit of 1354936143?
1
What is the hundred thousands digit of 394367850?
3
What is the hundred millions digit of 1056135093?
0
What is the hundreds digit of 401354333?
3
What is the tens digit of 147518983?
8
What is the thousands digit of 670777319?
7
What is the hundreds digit of 227038002?
0
What is the units digit of 76990650?
0
What is the ten thousands digit of 3670255864?
5
What is the ten millions digit of 3877393338?
7
What is the units digit of 119950687?
7
What is the hundred millions digit of 202831394?
2
What is the thousands digit of 82674706?
4
What is the thousands digit of 1239880622?
0
What is the hundred millions digit of 317659258?
3
What is the thousands digit of 111278270?
8
What is the hundreds digit of 1971929146?
1
What is the ten millions digit of 6394251939?
9
What is the hundred thousands digit of 25272753?
2
What is the ten thousands digit of 138053112?
5
What is the thousands digit of 431581981?
1
What is the ten thousands digit of 41319209?
1
What is the ten thousands digit of 212179402?
7
What is the hundred thousands digit of 4900703543?
7
What is the units digit of 137074693?
3
What is the hundred thousands digit of 46254291?
2
What is the thousands digit of 34922688?
2
What is the hundred millions digit of 2742239282?
7
What is the ten millions digit of 241085453?
4
What is the millions digit of 1850837?
1
What is the ten thousands digit of 995758933?
5
What is the ten millions digit of 650689969?
5
What is the tens digit of 599610269?
6
What is the tens digit of 166643059?
5
What is the millions digit of 200504233?
0
What is the units digit of 116537203?
3
What is the ten thousands digit of 3266771149?
7
What is the tens digit of 19544954?
5
What is the thousands digit of 6820663779?
3
What is the hundred thousands digit of 47739262?
7
What is the thousands digit of 1871758781?
8
What is the millions digit of 851606019?
1
What is the millions digit of 241836614?
1
What is the millions digit of 550685929?
0
What is the hundred millions digit of 3975441214?
9
What is the millions digit of 206308820?
6
What is the hundred millions digit of 369233734?
3
What is the units digit of 2561990384?
4
What is the units digit of 625872183?
3
What is the thousands digit of 18060234?
0
What is the units digit of 59901599?
9
What is the hundred thousands digit of 8282074944?
0
What is the hundreds digit of 55163056?
0
What is the hundred millions digit of 4453835439?
4
What is the millions digit of 1288241530?
8
What is the hundred thousands digit of 1967273?
9
What is the ten thousands digit of 1070221309?
2
What is the thousands digit of 330364369?
4
What is the thousands digit of 3720840696?
0
What is the thousands digit of 1762856?
2
What is the ten thousands digit of 75533981?
3
What is the ten thousands digit of 46347257?
4
What is the units digit of 97938975?
5
What is the hundreds digit of 680181634?
6
What is the hundred thousands digit of 549493717?
4
What is the ten millions digit of 293697074?
9
What is the hundred thousands digit of 23335610?
3
What is the thousands digit of 392934775?
4
What is the hundred thousands digit of 56791282?
7
What is the ten thousands digit of 914187693?
8
What is the millions digit of 172981372?
2
What is the hundred thousands digit of 19883946?
8
What is the thousands digit of 57386078?
6
What is the thousands digit of 40771485?
1
What is the ten millions digit of 12770803?
1
What is the thousands digit of 475285929?
5
What is the ten millions digit of 82459945?
8
What is the units digit of 431728359?
9
What is the ten millions digit of 83402381?
8
What is the hundreds digit of 55746235?
2
What is the ten thousands digit of 702546340?
4
What is the hundred thousands digit of 15480714?
4
What is the tens digit of 13714604?
0
What is the ten thousands digit of 4960821939?
2
What is the hundreds digit of 127040225?
2
What is the hundred thousands digit of 3106892?
1
What is the ten thousands digit of 71294582?
9
What is the hundred thousands digit of 126726286?
7
What is the units digit of 655672622?
2
What is the units digit of 3203612824?
4
What is the tens digit of 364238870?
7
What is the ten millions digit of 15263813?
1
What is the units digit of 113835656?
6
What is the hundred millions digit of 2024726902?
0
What is the ten millions digit of 14680913?
1
What is the ten millions digit of 81264645?
8
What is the ten millions digit of 169644528?
6
What is the ten thousands digit of 370956873?
5
What is the ten thousands digit of 334714366?
1
What is the thousands digit of 1809156955?
6
What is the hundred thousands digit of 864536295?
5
What is the hundred thousands digit of 19173370?
1
What is the units digit of 76209703?
3
What is the hundred thousands digit of 4558871977?
8
What is the thousands digit of 142131399?
1
What is the ten millions digit of 13381868?
1
What is the hundreds digit of 264436207?
2
What is the ten thousands digit of 2421087805?
8
What is the hundred thousands digit of 94218150?
2
What is the hundreds digit of 2411914634?
6
What is the ten thousands digit of 1739947121?
4
What is the millions digit of 11452201?
1
What is the ten thousands digit of 41124838?
2
What is the thousands digit of 1246792372?
2
What is the millions digit of 583063900?
3
What is the thousands digit of 487651706?
1
What is the ten thousands digit of 122321364?
2
What is the tens digit of 23563446?
4
What is the hundreds digit of 18730621?
6
What is the units digit of 35941121?
1
What is the units digit of 272462436?
6
What is the millions digit of 156272171?
6
What is the millions digit of 161995900?
1
What is the hundred thousands digit of 41843509?
8
What is the hundred thousands digit of 1072374199?
3
What is the units digit of 318013140?
0
What is the ten thousands digit of 242328992?
2
What is the ten millions digit of 7365246997?
6
What is the hundreds digit of 5619230614?
6
What is the units digit of 271740406?
6
What is the hundred millions digit of 2434878596?
4
What is the ten millions digit of 117811393?
1
What is the hundred thousands digit of 137436002?
4
What is the units digit of 2383251032?
2
What is the hundred millions digit of 2293800483?
2
What is the millions digit of 88559906?
8
What is the millions digit of 391513175?
1
What is the hundred millions digit of 1657372430?
6
What is the ten thousands digit of 3555658202?
5
What is the hundred millions digit of 2678858123?
6
What is the ten thousands digit of 455010067?
1
What is the thousands digit of 444956977?
6
What is the millions digit of 22903578?
2
What is the thousands digit of 917669992?
9
What is the tens digit of 218614018?
1
What is the millions digit of 137847204?
7
What is the thousands digit of 3291675895?
5
What is the hundreds digit of 756316325?
3
What is the billions digit of 1092437934?
1
What is the ten millions digit of 168219276?
6
What is the units digit of 869101279?
9
What is the units digit of 156939225?
5
What is the hundred thousands digit of 29986277?
9
What is the hundreds digit of 370350330?
3
What is the tens digit of 8905272?
7
What is the hundreds digit of 4725482599?
5
What is the thousands digit of 787884758?
4
What is the tens digit of 4414980868?
6
What is the tens digit of 403480060?
6
What is the tens digit of 15742745?
4
What is the hundred thousands digit of 725138923?
1
What is the hundreds digit of 106407335?
3
What is the ten millions digit of 153504699?
5
What is the thousands digit of 2149887433?
7
What is the hundreds digit of 257480167?
1
What is the hundred millions digit of 172382194?
1
What is the thousands digit of 1862858422?
8
What is the ten millions digit of 283043365?
8
What is the ten thousands digit of 77131485?
3
What is the ten thousands digit of 1893797711?
9
What is the hundreds digit of 20350767?
7
What is the millions digit of 48251472?
8
What